{"id":379,"date":"2018-01-21T09:30:38","date_gmt":"2018-01-21T09:30:38","guid":{"rendered":"https:\/\/global-honey.kilo-tee.de\/?page_id=379"},"modified":"2018-01-22T19:31:48","modified_gmt":"2018-01-22T19:31:48","slug":"philosophie","status":"publish","type":"page","link":"https:\/\/global-honey.kilo-tee.de\/?page_id=379","title":{"rendered":"Philosophie"},"content":{"rendered":"<p>[et_pb_section fb_built=&#8220;1&#8243; background_color=&#8220;#7f7c3f&#8220; _builder_version=&#8220;3.0.90&#8243; parallax=&#8220;on&#8220;][et_pb_row _builder_version=&#8220;3.0.47&#8243; background_size=&#8220;initial&#8220; background_position=&#8220;top_left&#8220; background_repeat=&#8220;repeat&#8220;][et_pb_column type=&#8220;4_4&#8243; _builder_version=&#8220;3.0.47&#8243; parallax=&#8220;off&#8220; parallax_method=&#8220;on&#8220;][et_pb_text background_layout=&#8220;dark&#8220; _builder_version=&#8220;3.0.90&#8243; background_size=&#8220;initial&#8220; background_position=&#8220;top_left&#8220; background_repeat=&#8220;repeat&#8220; module_alignment=&#8220;center&#8220;]<\/p>\n<h1 style=\"font-size: 72px; font-weight: 300;\">Philosophie beibehalten<\/h1>\n<p>[\/et_pb_text][\/et_pb_column][\/et_pb_row][\/et_pb_section][et_pb_section fb_built=&#8220;1&#8243; background_color=&#8220;#000000&#8243; _builder_version=&#8220;3.0.90&#8243;][et_pb_row _builder_version=&#8220;3.0.47&#8243; background_size=&#8220;initial&#8220; background_position=&#8220;top_left&#8220; background_repeat=&#8220;repeat&#8220;][et_pb_column type=&#8220;1_2&#8243; _builder_version=&#8220;3.0.47&#8243; parallax=&#8220;off&#8220; parallax_method=&#8220;on&#8220;][et_pb_text background_layout=&#8220;dark&#8220; _builder_version=&#8220;3.0.90&#8243; text_font=&#8220;||||||||&#8220; background_size=&#8220;initial&#8220; background_position=&#8220;top_left&#8220; background_repeat=&#8220;repeat&#8220; module_alignment=&#8220;left&#8220;]<\/p>\n<h2>The Challenge<\/h2>\n<p>\u00dcber jeden Winter werden die Bienen reingeholt und mit Zuckerwasser aufgepepelt, damit das Volk auch im n\u00e4chsten Fr\u00fchling\/Sommer\/Herbst f\u00fcr uns arbeiten d\u00fcrfen. Zuckerwasser beinhaltet aber nur unseren Industrie Zucker und nicht die Lebenswichtigen N\u00e4hrstoffe, welche die Bienen genau hierf\u00fcr urspr\u00fcnglich in den Honig bringen. Der Prozess der Honig Herstellung angefangen vom Sammeln des Nektars bis zum einschlie\u00dfen in die Waben f\u00fcr genau die Monate des Jahres &#8211; denn Winter. Wir m\u00f6chten von unseren Imkern, dass sie Ihre eigenen Bienenv\u00f6lker st\u00e4rken und genau den Honig ihnen geben, welches das Bienenvolk genau daf\u00fcr &#8222;angebaut&#8220; haben. Ein bisschen Schreibarbeit und Etikettierung reicht schon aus um jedem Volk genau den Honig zu verabreichen, welcher ihr eigenes Immunstem st\u00e4rkt.<\/p>\n<p>[\/et_pb_text][\/et_pb_column][et_pb_column type=&#8220;1_2&#8243; _builder_version=&#8220;3.0.47&#8243; parallax=&#8220;off&#8220; parallax_method=&#8220;on&#8220;][et_pb_text background_layout=&#8220;dark&#8220; _builder_version=&#8220;3.0.90&#8243; text_font=&#8220;||||||||&#8220; background_size=&#8220;initial&#8220; background_position=&#8220;top_left&#8220; background_repeat=&#8220;repeat&#8220; module_alignment=&#8220;left&#8220;]<\/p>\n<h2>Transparenz<\/h2>\n<p>Wir der Fl\u00fcgel einer jeder Biene transparent im Licht des Sonnenscheins transparent schimmert, genauso transparent m\u00f6chten wir gegen\u00fcber unseren Kunden sein. Wir stellen unseren Umsatz auf unserer Seite bereit.<\/p>\n<p>[\/et_pb_text][\/et_pb_column][\/et_pb_row][\/et_pb_section][et_pb_section fb_built=&#8220;1&#8243; background_color=&#8220;#27323a&#8220; fullwidth=&#8220;on&#8220; _builder_version=&#8220;3.0.90&#8243; background_image=&#8220;https:\/\/global-honey.kilo-tee.de\/wp-content\/uploads\/2018\/01\/global-honey_bienen-bef\u00fcllen-die-waben_startseite_2018.jpg&#8220; parallax=&#8220;on&#8220;][et_pb_fullwidth_slider admin_label=&#8220;Fullwidth Slider&#8220; _builder_version=&#8220;3.0.90&#8243; parallax=&#8220;on&#8220; custom_padding=&#8220;|||&#8220; custom_padding_tablet=&#8220;|||&#8220; custom_padding_phone=&#8220;|||&#8220;][et_pb_slide heading=&#8220;Liebe die Bienen so wie wir es tun.&#8220; _builder_version=&#8220;3.0.90&#8243; background_image=&#8220;https:\/\/global-honey.kilo-tee.de\/wp-content\/uploads\/2018\/01\/global-honey_bienen-bef\u00fcllen-die-waben_startseite_2018.jpg&#8220; parallax=&#8220;on&#8220;][\/et_pb_slide][\/et_pb_fullwidth_slider][\/et_pb_section][et_pb_section fb_built=&#8220;1&#8243; background_color=&#8220;#000000&#8243; _builder_version=&#8220;3.0.90&#8243;][et_pb_row _builder_version=&#8220;3.0.47&#8243; background_size=&#8220;initial&#8220; background_position=&#8220;top_left&#8220; background_repeat=&#8220;repeat&#8220;][et_pb_column type=&#8220;1_4&#8243; _builder_version=&#8220;3.0.47&#8243; parallax=&#8220;off&#8220; parallax_method=&#8220;on&#8220;][et_pb_number_counter title=&#8220;Umsatz \u00fcber den Verkauf von Honig&#8220; number=&#8220;70&#8243; background_layout=&#8220;dark&#8220; admin_label=&#8220;Number Counter&#8220; _builder_version=&#8220;3.0.90&#8243; number_font=&#8220;||||||||&#8220; number_text_color=&#8220;#ffff00&#8243; background_size=&#8220;initial&#8220; background_position=&#8220;top_left&#8220; background_repeat=&#8220;repeat&#8220;][\/et_pb_number_counter][\/et_pb_column][et_pb_column type=&#8220;1_4&#8243; _builder_version=&#8220;3.0.47&#8243; parallax=&#8220;off&#8220; parallax_method=&#8220;on&#8220;][et_pb_number_counter title=&#8220;Umsatz \u00fcber Partnerschaften&#8220; number=&#8220;40&#8243; background_layout=&#8220;dark&#8220; admin_label=&#8220;Number Counter&#8220; _builder_version=&#8220;3.0.90&#8243; title_font=&#8220;||||||||&#8220; number_font=&#8220;||||||||&#8220; number_text_color=&#8220;#ffffff&#8220; background_size=&#8220;initial&#8220; background_position=&#8220;top_left&#8220; background_repeat=&#8220;repeat&#8220;][\/et_pb_number_counter][\/et_pb_column][et_pb_column type=&#8220;1_4&#8243; _builder_version=&#8220;3.0.47&#8243; parallax=&#8220;off&#8220; parallax_method=&#8220;on&#8220;][et_pb_number_counter title=&#8220;Tage online&#8220; number=&#8220;60&#8243; percent_sign=&#8220;off&#8220; background_layout=&#8220;dark&#8220; admin_label=&#8220;Number Counter&#8220; _builder_version=&#8220;3.0.90&#8243; number_font=&#8220;||||||||&#8220; number_text_color=&#8220;#ffffff&#8220; background_size=&#8220;initial&#8220; background_position=&#8220;top_left&#8220; background_repeat=&#8220;repeat&#8220;][\/et_pb_number_counter][\/et_pb_column][et_pb_column type=&#8220;1_4&#8243; _builder_version=&#8220;3.0.47&#8243; parallax=&#8220;off&#8220; parallax_method=&#8220;on&#8220;][et_pb_number_counter title=&#8220;Liebe zu den Bienen&#8220; number=&#8220;1000&#8243; percent_sign=&#8220;off&#8220; background_layout=&#8220;dark&#8220; admin_label=&#8220;Number Counter&#8220; _builder_version=&#8220;3.0.90&#8243; number_font=&#8220;||||||||&#8220; number_text_color=&#8220;#ffffff&#8220; background_size=&#8220;initial&#8220; background_position=&#8220;top_left&#8220; background_repeat=&#8220;repeat&#8220;][\/et_pb_number_counter][\/et_pb_column][\/et_pb_row][\/et_pb_section][et_pb_section fb_built=&#8220;1&#8243; background_color=&#8220;#7f7c3f&#8220; _builder_version=&#8220;3.0.90&#8243;][et_pb_row _builder_version=&#8220;3.0.47&#8243; background_size=&#8220;initial&#8220; background_position=&#8220;top_left&#8220; background_repeat=&#8220;repeat&#8220;][et_pb_column type=&#8220;1_2&#8243; _builder_version=&#8220;3.0.47&#8243; parallax=&#8220;off&#8220; parallax_method=&#8220;on&#8220;][et_pb_divider height=&#8220;90&#8243; disabled_on=&#8220;on|on|off&#8220; admin_label=&#8220;Divider&#8220; _builder_version=&#8220;3.0.47&#8243;][\/et_pb_divider][et_pb_text background_layout=&#8220;dark&#8220; _builder_version=&#8220;3.0.47&#8243; background_size=&#8220;initial&#8220; background_position=&#8220;top_left&#8220; background_repeat=&#8220;repeat&#8220; module_alignment=&#8220;left&#8220;]<\/p>\n<h1>F\u00fcr ein smartes Auftreten &#8211; digitale Fl\u00fcgelschl\u00e4ge bis in die Spitzen.<\/h1>\n<p>[\/et_pb_text][et_pb_blurb title=&#8220;Responsive Design ist \u00fcberall.&#8220; use_icon=&#8220;on&#8220; font_icon=&#8220;\ue00c&#8220; icon_color=&#8220;#ffffff&#8220; icon_placement=&#8220;left&#8220; background_layout=&#8220;dark&#8220; admin_label=&#8220;Blurb&#8220; _builder_version=&#8220;3.0.47&#8243; background_size=&#8220;initial&#8220; background_position=&#8220;top_left&#8220; background_repeat=&#8220;repeat&#8220; animation=&#8220;right&#8220;]The Challenge Vivamus ipsum velit, ullamcorper quis nibh non, molestie tempus sapien. Mauris ultrices, felis ut eleifend auctor<br \/>\n[\/et_pb_blurb][et_pb_blurb title=&#8220;Loggen Sie sich ein und stellen ihre Daten auf den Pr\u00fcfstand.&#8220; use_icon=&#8220;on&#8220; font_icon=&#8220;\ue038&#8220; icon_color=&#8220;#ffffff&#8220; icon_placement=&#8220;left&#8220; background_layout=&#8220;dark&#8220; admin_label=&#8220;Blurb&#8220; _builder_version=&#8220;3.0.47&#8243; background_size=&#8220;initial&#8220; background_position=&#8220;top_left&#8220; background_repeat=&#8220;repeat&#8220; animation=&#8220;right&#8220;]The Challenge Vivamus ipsum velit, ullamcorper quis nibh non, molestie tempus sapien. Mauris ultrices, felis ut eleifend auctor<br \/>\n[\/et_pb_blurb][et_pb_blurb title=&#8220;Der demokratische Aufbau einer globalen Bienen Infrastruktur.&#8220; use_icon=&#8220;on&#8220; font_icon=&#8220;\ue029&#8220; icon_color=&#8220;#ffffff&#8220; icon_placement=&#8220;left&#8220; background_layout=&#8220;dark&#8220; admin_label=&#8220;Blurb&#8220; _builder_version=&#8220;3.0.47&#8243; background_size=&#8220;initial&#8220; background_position=&#8220;top_left&#8220; background_repeat=&#8220;repeat&#8220; animation=&#8220;right&#8220;]The Challenge Vivamus ipsum velit, ullamcorper quis nibh non, molestie tempus sapien. Mauris ultrices, felis ut eleifend auctor<br \/>\n[\/et_pb_blurb][\/et_pb_column][et_pb_column type=&#8220;1_2&#8243; _builder_version=&#8220;3.0.47&#8243; parallax=&#8220;off&#8220; parallax_method=&#8220;on&#8220;][et_pb_image src=&#8220;https:\/\/elegantthemesimages.com\/images\/premade\/mobile-lockup.png&#8220; admin_label=&#8220;Image&#8220; _builder_version=&#8220;3.0.47&#8243; animation_style=&#8220;slide&#8220; animation_direction=&#8220;left&#8220; animation_duration=&#8220;500ms&#8220; animation_intensity_slide=&#8220;10%&#8220; animation=&#8220;left&#8220;][\/et_pb_image][\/et_pb_column][\/et_pb_row][\/et_pb_section][et_pb_section fb_built=&#8220;1&#8243; background_color=&#8220;#27323a&#8220; fullwidth=&#8220;on&#8220; _builder_version=&#8220;3.0.47&#8243; parallax=&#8220;on&#8220;][et_pb_fullwidth_slider admin_label=&#8220;Fullwidth Slider&#8220; _builder_version=&#8220;3.0.90&#8243; parallax=&#8220;on&#8220; custom_padding=&#8220;|||&#8220;][et_pb_slide heading=&#8220;%22Schwebe wie ein Schmetterling, stich wie eine Biene.%22 Muhammad Ali&#8220; use_bg_overlay=&#8220;off&#8220; use_text_overlay=&#8220;off&#8220; _builder_version=&#8220;3.0.90&#8243; use_background_color_gradient=&#8220;on&#8220; background_color_gradient_start=&#8220;#fcf92f&#8220; background_color_gradient_end=&#8220;#000000&#8243; background_color_gradient_direction=&#8220;115deg&#8220; background_color=&#8220;#ffffff&#8220;][\/et_pb_slide][\/et_pb_fullwidth_slider][\/et_pb_section][et_pb_section fb_built=&#8220;1&#8243; background_color=&#8220;#f7f7f7&#8243; _builder_version=&#8220;3.0.47&#8243;][et_pb_row _builder_version=&#8220;3.0.47&#8243; background_size=&#8220;initial&#8220; background_position=&#8220;top_left&#8220; background_repeat=&#8220;repeat&#8220;][et_pb_column type=&#8220;4_4&#8243; _builder_version=&#8220;3.0.47&#8243; parallax=&#8220;off&#8220; parallax_method=&#8220;on&#8220;][et_pb_cta title=&#8220;Sie sind interessiert und m\u00f6chten uns kennen lernen? Wir freuen uns sehr auf sie.&#8220; button_url=&#8220;https:\/\/global-honey.kilo-tee.de\/?page_id=57&#8243; button_text=&#8220;Kontakt wir aufgebaut&#8230;&#8220; use_background_color=&#8220;off&#8220; background_layout=&#8220;light&#8220; admin_label=&#8220;Call To Action&#8220; _builder_version=&#8220;3.0.90&#8243; background_size=&#8220;initial&#8220; background_position=&#8220;top_left&#8220; background_repeat=&#8220;repeat&#8220; url_new_window=&#8220;on&#8220;][\/et_pb_cta][\/et_pb_column][\/et_pb_row][\/et_pb_section]<\/p>\n","protected":false},"excerpt":{"rendered":"<p>Philosophie beibehalten The Challenge \u00dcber jeden Winter werden die Bienen reingeholt und mit Zuckerwasser aufgepepelt, damit das Volk auch im n\u00e4chsten Fr\u00fchling\/Sommer\/Herbst f\u00fcr uns arbeiten d\u00fcrfen. Zuckerwasser beinhaltet aber nur unseren Industrie Zucker und nicht die Lebenswichtigen N\u00e4hrstoffe, welche die Bienen genau hierf\u00fcr urspr\u00fcnglich in den Honig bringen. Der Prozess der Honig Herstellung angefangen vom [&hellip;]<\/p>\n","protected":false},"author":2,"featured_media":0,"parent":0,"menu_order":0,"comment_status":"closed","ping_status":"closed","template":"","meta":{"_et_pb_use_builder":"on","_et_pb_old_content":"","_et_gb_content_width":"","footnotes":""},"class_list":["post-379","page","type-page","status-publish","hentry"],"jetpack_sharing_enabled":true,"_links":{"self":[{"href":"https:\/\/global-honey.kilo-tee.de\/index.php?rest_route=\/wp\/v2\/pages\/379","targetHints":{"allow":["GET"]}}],"collection":[{"href":"https:\/\/global-honey.kilo-tee.de\/index.php?rest_route=\/wp\/v2\/pages"}],"about":[{"href":"https:\/\/global-honey.kilo-tee.de\/index.php?rest_route=\/wp\/v2\/types\/page"}],"author":[{"embeddable":true,"href":"https:\/\/global-honey.kilo-tee.de\/index.php?rest_route=\/wp\/v2\/users\/2"}],"replies":[{"embeddable":true,"href":"https:\/\/global-honey.kilo-tee.de\/index.php?rest_route=%2Fwp%2Fv2%2Fcomments&post=379"}],"version-history":[{"count":15,"href":"https:\/\/global-honey.kilo-tee.de\/index.php?rest_route=\/wp\/v2\/pages\/379\/revisions"}],"predecessor-version":[{"id":496,"href":"https:\/\/global-honey.kilo-tee.de\/index.php?rest_route=\/wp\/v2\/pages\/379\/revisions\/496"}],"wp:attachment":[{"href":"https:\/\/global-honey.kilo-tee.de\/index.php?rest_route=%2Fwp%2Fv2%2Fmedia&parent=379"}],"curies":[{"name":"wp","href":"https:\/\/api.w.org\/{rel}","templated":true}]}}